{"id":11604,"date":"2026-04-11T17:32:56","date_gmt":"2026-04-11T17:32:56","guid":{"rendered":"https:\/\/menslook.com.mx\/?post_type=product&#038;p=11604"},"modified":"2026-04-13T02:01:32","modified_gmt":"2026-04-13T02:01:32","slug":"boxer-mens-look-grecas-rojo","status":"publish","type":"product","link":"https:\/\/menslook.com.mx\/index.php\/producto\/boxer-mens-look-grecas-rojo\/","title":{"rendered":"Boxer Mens Look Grecas Rojo"},"content":{"rendered":"<p>Descubre la seguridad y el estilo que mereces con este <strong>boxer masculino premium<\/strong>. Dise\u00f1ado para hombres que saben proyectar sensualidad y confianza, esta prenda combina comodidad absoluta con un toque exclusivo gracias a su edici\u00f3n limitada de aniversario. El rojo intenso transmite energ\u00eda y pasi\u00f3n, mientras el el\u00e1stico con grecas doradas a\u00f1ade un detalle sofisticado que eleva tu look desde dentro.<\/p>\n<p><strong>Beneficios principales:<\/strong><\/p>\n<ul>\n<li>\ud83d\udd25 <strong>Comodidad superior<\/strong>: tejido suave que se adapta al cuerpo sin restricciones.<\/li>\n<li>\ud83d\udc8e <strong>Estilo exclusivo<\/strong>: dise\u00f1o de edici\u00f3n limitada con grecas doradas que marcan diferencia.<\/li>\n<li>\ud83d\udcaa <strong>Seguridad masculina<\/strong>: ajuste firme que brinda confianza en cada movimiento.<\/li>\n<li>\ud83d\udc4c <strong>Sensualidad discreta<\/strong>: color rojo vibrante que refleja personalidad y atractivo.<\/li>\n<\/ul>\n<p>Haz de tu ropa interior un reflejo de tu car\u00e1cter. Este boxer no es solo una prenda, es una declaraci\u00f3n de estilo. Atr\u00e9vete a destacar con una pieza \u00fanica que combina lujo, comodidad y sensualidad.<\/p>\n<p>\ud83d\udc49 <strong>Edici\u00f3n limitada de Aniversario: asegura el tuyo antes de que se agoten.<\/strong><\/p>\n","protected":false},"excerpt":{"rendered":"<p>Descubre la seguridad y el estilo que mereces con este <strong>boxer masculino premium<\/strong>. Dise\u00f1ado para hombres que saben proyectar sensualidad y confianza, esta prenda combina comodidad absoluta con un toque exclusivo gracias a su edici\u00f3n limitada de aniversario. El rojo intenso transmite energ\u00eda y pasi\u00f3n, mientras el el\u00e1stico con grecas doradas a\u00f1ade un detalle sofisticado que eleva tu look desde dentro.<\/p>\n","protected":false},"featured_media":11621,"comment_status":"open","ping_status":"closed","template":"","meta":{"site-sidebar-layout":"default","site-content-layout":"default","ast-site-content-layout":"default","site-content-style":"default","site-sidebar-style":"default","ast-global-header-display":"","ast-banner-title-visibility":"","ast-main-header-display":"","ast-hfb-above-header-display":"","ast-hfb-below-header-display":"","ast-hfb-mobile-header-display":"","site-post-title":"","ast-breadcrumbs-content":"","ast-featured-img":"","footer-sml-layout":"","ast-disable-related-posts":"","theme-transparent-header-meta":"default","adv-header-id-meta":"","stick-header-meta":"","header-above-stick-meta":"","header-main-stick-meta":"","header-below-stick-meta":"","astra-migrate-meta-layouts":"set","ast-page-background-enabled":"default","ast-page-background-meta":{"desktop":{"background-color":"var(--ast-global-color-4)","background-image":"","background-repeat":"repeat","background-position":"center center","background-size":"auto","background-attachment":"scroll","background-type":"","background-media":"","overlay-type":"","overlay-color":"","overlay-opacity":"","overlay-gradient":""},"tablet":{"background-color":"","background-image":"","background-repeat":"repeat","background-position":"center center","background-size":"auto","background-attachment":"scroll","background-type":"","background-media":"","overlay-type":"","overlay-color":"","overlay-opacity":"","overlay-gradient":""},"mobile":{"background-color":"","background-image":"","background-repeat":"repeat","background-position":"center center","background-size":"auto","background-attachment":"scroll","background-type":"","background-media":"","overlay-type":"","overlay-color":"","overlay-opacity":"","overlay-gradient":""}},"ast-content-background-meta":{"desktop":{"background-color":"var(--ast-global-color-5)","background-image":"","background-repeat":"repeat","background-position":"center center","background-size":"auto","background-attachment":"scroll","background-type":"","background-media":"","overlay-type":"","overlay-color":"","overlay-opacity":"","overlay-gradient":""},"tablet":{"background-color":"var(--ast-global-color-5)","background-image":"","background-repeat":"repeat","background-position":"center center","background-size":"auto","background-attachment":"scroll","background-type":"","background-media":"","overlay-type":"","overlay-color":"","overlay-opacity":"","overlay-gradient":""},"mobile":{"background-color":"var(--ast-global-color-5)","background-image":"","background-repeat":"repeat","background-position":"center center","background-size":"auto","background-attachment":"scroll","background-type":"","background-media":"","overlay-type":"","overlay-color":"","overlay-opacity":"","overlay-gradient":""}}},"product_brand":[],"product_cat":[26,124,38,21],"product_tag":[],"class_list":{"0":"post-11604","1":"product","2":"type-product","3":"status-publish","4":"has-post-thumbnail","6":"product_cat-boxers","7":"product_cat-catalogo","8":"product_cat-nuevos","9":"product_cat-ropa-interior","10":"desktop-align-center","11":"tablet-align-left","12":"mobile-align-left","13":"ast-product-gallery-layout-horizontal-slider","14":"ast-product-single-variable","15":"ast-product-tabs-layout-horizontal","16":"ast-qv-on-image","18":"first","19":"instock","20":"taxable","21":"shipping-taxable","22":"purchasable","23":"product-type-variable","24":"add-to-wishlist-before_image"},"_links":{"self":[{"href":"https:\/\/menslook.com.mx\/index.php\/wp-json\/wp\/v2\/product\/11604","targetHints":{"allow":["GET"]}}],"collection":[{"href":"https:\/\/menslook.com.mx\/index.php\/wp-json\/wp\/v2\/product"}],"about":[{"href":"https:\/\/menslook.com.mx\/index.php\/wp-json\/wp\/v2\/types\/product"}],"replies":[{"embeddable":true,"href":"https:\/\/menslook.com.mx\/index.php\/wp-json\/wp\/v2\/comments?post=11604"}],"wp:featuredmedia":[{"embeddable":true,"href":"https:\/\/menslook.com.mx\/index.php\/wp-json\/wp\/v2\/media\/11621"}],"wp:attachment":[{"href":"https:\/\/menslook.com.mx\/index.php\/wp-json\/wp\/v2\/media?parent=11604"}],"wp:term":[{"taxonomy":"product_brand","embeddable":true,"href":"https:\/\/menslook.com.mx\/index.php\/wp-json\/wp\/v2\/product_brand?post=11604"},{"taxonomy":"product_cat","embeddable":true,"href":"https:\/\/menslook.com.mx\/index.php\/wp-json\/wp\/v2\/product_cat?post=11604"},{"taxonomy":"product_tag","embeddable":true,"href":"https:\/\/menslook.com.mx\/index.php\/wp-json\/wp\/v2\/product_tag?post=11604"}],"curies":[{"name":"wp","href":"https:\/\/api.w.org\/{rel}","templated":true}]}}