{"id":10681,"date":"2025-11-28T06:26:56","date_gmt":"2025-11-28T06:26:56","guid":{"rendered":"https:\/\/menslook.com.mx\/?post_type=product&#038;p=10681"},"modified":"2026-04-02T20:47:58","modified_gmt":"2026-04-02T20:47:58","slug":"bikini-funtasy-ranger-negro-copia","status":"publish","type":"product","link":"https:\/\/menslook.com.mx\/index.php\/producto\/bikini-funtasy-ranger-negro-copia\/","title":{"rendered":"Bikini Funtasy Ranger Rojo"},"content":{"rendered":"<p data-start=\"213\" data-end=\"499\">Enciende tu esp\u00edritu heroico con nuestro <strong data-start=\"254\" data-end=\"282\">bikini \u201cRed Ranger Blaze\u201d<\/strong> \u2764\ufe0f\u26a1.<br data-start=\"287\" data-end=\"290\" \/>Inspirado en la energ\u00eda, valent\u00eda y liderazgo del <strong data-start=\"340\" data-end=\"361\">Power Ranger Rojo<\/strong>, este dise\u00f1o combina tonos rojos intensos, detalles ic\u00f3nicos y una vibra legendaria que te har\u00e1 sentir listo para cualquier desaf\u00edo \ud83d\udca5\ud83d\udd25.<\/p>\n<p data-start=\"501\" data-end=\"661\">Fabricado con tela suave, el\u00e1stica y ultrac\u00f3moda, ofrece un ajuste perfecto que se adapta a cada movimiento, ideal para tu d\u00eda a d\u00eda o tus momentos m\u00e1s activos.<\/p>\n<h3 data-start=\"663\" data-end=\"691\">\u2b50 \u00bfPor qu\u00e9 te encantar\u00e1?<\/h3>\n<ul data-start=\"692\" data-end=\"932\">\n<li data-start=\"692\" data-end=\"732\">\n<p data-start=\"694\" data-end=\"732\">\ud83e\uddf5 Tela suave, fresca y s\u00faper c\u00f3moda<\/p>\n<\/li>\n<li data-start=\"733\" data-end=\"785\">\n<p data-start=\"735\" data-end=\"785\">\u2764\ufe0f Estampado vibrante inspirado en el Red Ranger<\/p>\n<\/li>\n<li data-start=\"786\" data-end=\"859\">\n<p data-start=\"788\" data-end=\"859\">\ud83c\udf81 Perfecto para fans, coleccionistas o sorprender a alguien especial<\/p>\n<\/li>\n<li data-start=\"860\" data-end=\"932\">\n<p data-start=\"862\" data-end=\"932\">\ud83d\udcf8 Ideal para fotos tem\u00e1ticas, contenido de acci\u00f3n o vibes nost\u00e1lgicas<\/p>\n<\/li>\n<\/ul>\n<p data-start=\"934\" data-end=\"1056\">Este brikini combina <strong data-start=\"953\" data-end=\"982\">poder, liderazgo y estilo<\/strong>, dise\u00f1ado para quienes avanzan con decisi\u00f3n, energ\u00eda y mucha actitud \u2764\ufe0f\u26a1.<\/p>\n<p data-start=\"1058\" data-end=\"1114\">\ud83d\udc49 <strong data-start=\"1061\" data-end=\"1109\">\u00a1Agr\u00e9galo al carrito y activa tu poder rojo!<\/strong> \ud83d\uded2\ud83d\udd25<\/p>\n","protected":false},"excerpt":{"rendered":"<p>Enciende tu esp\u00edritu heroico con nuestro <strong data-start=\"254\" data-end=\"282\">bikini \u201cRed Ranger Blaze\u201d<\/strong> \u2764\ufe0f\u26a1.<br data-start=\"287\" data-end=\"290\" \/>Inspirado en la energ\u00eda, valent\u00eda y liderazgo del <strong data-start=\"340\" data-end=\"361\">Power Ranger Rojo<\/strong>, este dise\u00f1o combina tonos rojos intensos, detalles ic\u00f3nicos y una vibra legendaria que te har\u00e1 sentir listo para cualquier desaf\u00edo \ud83d\udca5\ud83d\udd25.<\/p>\n","protected":false},"featured_media":10654,"comment_status":"open","ping_status":"closed","template":"","meta":{"site-sidebar-layout":"default","site-content-layout":"default","ast-site-content-layout":"default","site-content-style":"default","site-sidebar-style":"default","ast-global-header-display":"","ast-banner-title-visibility":"","ast-main-header-display":"","ast-hfb-above-header-display":"","ast-hfb-below-header-display":"","ast-hfb-mobile-header-display":"","site-post-title":"","ast-breadcrumbs-content":"","ast-featured-img":"","footer-sml-layout":"","ast-disable-related-posts":"","theme-transparent-header-meta":"default","adv-header-id-meta":"","stick-header-meta":"","header-above-stick-meta":"","header-main-stick-meta":"","header-below-stick-meta":"","astra-migrate-meta-layouts":"set","ast-page-background-enabled":"default","ast-page-background-meta":{"desktop":{"background-color":"var(--ast-global-color-4)","background-image":"","background-repeat":"repeat","background-position":"center center","background-size":"auto","background-attachment":"scroll","background-type":"","background-media":"","overlay-type":"","overlay-color":"","overlay-opacity":"","overlay-gradient":""},"tablet":{"background-color":"","background-image":"","background-repeat":"repeat","background-position":"center center","background-size":"auto","background-attachment":"scroll","background-type":"","background-media":"","overlay-type":"","overlay-color":"","overlay-opacity":"","overlay-gradient":""},"mobile":{"background-color":"","background-image":"","background-repeat":"repeat","background-position":"center center","background-size":"auto","background-attachment":"scroll","background-type":"","background-media":"","overlay-type":"","overlay-color":"","overlay-opacity":"","overlay-gradient":""}},"ast-content-background-meta":{"desktop":{"background-color":"var(--ast-global-color-5)","background-image":"","background-repeat":"repeat","background-position":"center center","background-size":"auto","background-attachment":"scroll","background-type":"","background-media":"","overlay-type":"","overlay-color":"","overlay-opacity":"","overlay-gradient":""},"tablet":{"background-color":"var(--ast-global-color-5)","background-image":"","background-repeat":"repeat","background-position":"center center","background-size":"auto","background-attachment":"scroll","background-type":"","background-media":"","overlay-type":"","overlay-color":"","overlay-opacity":"","overlay-gradient":""},"mobile":{"background-color":"var(--ast-global-color-5)","background-image":"","background-repeat":"repeat","background-position":"center center","background-size":"auto","background-attachment":"scroll","background-type":"","background-media":"","overlay-type":"","overlay-color":"","overlay-opacity":"","overlay-gradient":""}}},"product_brand":[],"product_cat":[28,133,124,38,21],"product_tag":[],"class_list":{"0":"post-10681","1":"product","2":"type-product","3":"status-publish","4":"has-post-thumbnail","6":"product_cat-bikini","7":"product_cat-bikini-f","8":"product_cat-catalogo","9":"product_cat-nuevos","10":"product_cat-ropa-interior","11":"desktop-align-center","12":"tablet-align-left","13":"mobile-align-left","14":"ast-product-gallery-layout-horizontal-slider","15":"ast-product-single-variable","16":"ast-product-tabs-layout-horizontal","17":"ast-qv-on-image","19":"first","20":"instock","21":"purchasable","22":"product-type-variable","23":"add-to-wishlist-before_image"},"_links":{"self":[{"href":"https:\/\/menslook.com.mx\/index.php\/wp-json\/wp\/v2\/product\/10681","targetHints":{"allow":["GET"]}}],"collection":[{"href":"https:\/\/menslook.com.mx\/index.php\/wp-json\/wp\/v2\/product"}],"about":[{"href":"https:\/\/menslook.com.mx\/index.php\/wp-json\/wp\/v2\/types\/product"}],"replies":[{"embeddable":true,"href":"https:\/\/menslook.com.mx\/index.php\/wp-json\/wp\/v2\/comments?post=10681"}],"wp:featuredmedia":[{"embeddable":true,"href":"https:\/\/menslook.com.mx\/index.php\/wp-json\/wp\/v2\/media\/10654"}],"wp:attachment":[{"href":"https:\/\/menslook.com.mx\/index.php\/wp-json\/wp\/v2\/media?parent=10681"}],"wp:term":[{"taxonomy":"product_brand","embeddable":true,"href":"https:\/\/menslook.com.mx\/index.php\/wp-json\/wp\/v2\/product_brand?post=10681"},{"taxonomy":"product_cat","embeddable":true,"href":"https:\/\/menslook.com.mx\/index.php\/wp-json\/wp\/v2\/product_cat?post=10681"},{"taxonomy":"product_tag","embeddable":true,"href":"https:\/\/menslook.com.mx\/index.php\/wp-json\/wp\/v2\/product_tag?post=10681"}],"curies":[{"name":"wp","href":"https:\/\/api.w.org\/{rel}","templated":true}]}}