{"id":14,"date":"2023-08-14T18:50:44","date_gmt":"2023-08-14T18:50:44","guid":{"rendered":"https:\/\/menslook.com.mx\/?page_id=14"},"modified":"2024-11-15T20:01:26","modified_gmt":"2024-11-15T20:01:26","slug":"inicio","status":"publish","type":"page","link":"https:\/\/menslook.com.mx\/","title":{"rendered":"Inicio"},"content":{"rendered":"\t\t<div data-elementor-type=\"wp-page\" data-elementor-id=\"14\" class=\"elementor elementor-14\" data-elementor-post-type=\"page\">\n\t\t\t\t<div class=\"elementor-element elementor-element-825a5ae e-flex e-con-boxed wpr-particle-no wpr-jarallax-no wpr-parallax-no wpr-sticky-section-no e-con e-parent\" data-id=\"825a5ae\" data-element_type=\"container\" data-e-type=\"container\">\n\t\t\t\t\t<div class=\"e-con-inner\">\n\t\t\t\t<div class=\"elementor-element elementor-element-cad967c elementor-widget elementor-widget-image\" data-id=\"cad967c\" data-element_type=\"widget\" data-e-type=\"widget\" data-widget_type=\"image.default\">\n\t\t\t\t<div class=\"elementor-widget-container\">\n\t\t\t\t\t\t\t\t\t\t\t\t\t\t\t<img fetchpriority=\"high\" decoding=\"async\" width=\"1024\" height=\"581\" src=\"https:\/\/menslook.com.mx\/wp-content\/uploads\/2024\/01\/Portada-Mens-Look-2024-02-1-1024x581.jpg\" class=\"attachment-large size-large wp-image-3307\" alt=\"\" srcset=\"https:\/\/menslook.com.mx\/wp-content\/uploads\/2024\/01\/Portada-Mens-Look-2024-02-1-1024x581.jpg 1024w, https:\/\/menslook.com.mx\/wp-content\/uploads\/2024\/01\/Portada-Mens-Look-2024-02-1-scaled-1080x613.jpg 1080w, https:\/\/menslook.com.mx\/wp-content\/uploads\/2024\/01\/Portada-Mens-Look-2024-02-1-300x170.jpg 300w, https:\/\/menslook.com.mx\/wp-content\/uploads\/2024\/01\/Portada-Mens-Look-2024-02-1-768x435.jpg 768w, https:\/\/menslook.com.mx\/wp-content\/uploads\/2024\/01\/Portada-Mens-Look-2024-02-1-1536x871.jpg 1536w, https:\/\/menslook.com.mx\/wp-content\/uploads\/2024\/01\/Portada-Mens-Look-2024-02-1-2048x1161.jpg 2048w\" sizes=\"(max-width: 1024px) 100vw, 1024px\" \/>\t\t\t\t\t\t\t\t\t\t\t\t\t\t\t<\/div>\n\t\t\t\t<\/div>\n\t\t\t\t\t<\/div>\n\t\t\t\t<\/div>\n\t\t<div class=\"elementor-element elementor-element-6a1af97 e-flex e-con-boxed wpr-particle-no wpr-jarallax-no wpr-parallax-no wpr-sticky-section-no e-con e-parent\" data-id=\"6a1af97\" data-element_type=\"container\" data-e-type=\"container\">\n\t\t\t\t\t<div class=\"e-con-inner\">\n\t\t\t\t<div class=\"elementor-element elementor-element-4c9cdb4 elementor-widget elementor-widget-spacer\" data-id=\"4c9cdb4\" data-element_type=\"widget\" data-e-type=\"widget\" data-widget_type=\"spacer.default\">\n\t\t\t\t<div class=\"elementor-widget-container\">\n\t\t\t\t\t\t\t<div class=\"elementor-spacer\">\n\t\t\t<div class=\"elementor-spacer-inner\"><\/div>\n\t\t<\/div>\n\t\t\t\t\t\t<\/div>\n\t\t\t\t<\/div>\n\t\t\t\t<div class=\"elementor-element elementor-element-c640adf elementor-widget elementor-widget-heading\" data-id=\"c640adf\" data-element_type=\"widget\" data-e-type=\"widget\" data-widget_type=\"heading.default\">\n\t\t\t\t<div class=\"elementor-widget-container\">\n\t\t\t\t\t<h2 class=\"elementor-heading-title elementor-size-default\">Conoce Men's Look<\/h2>\t\t\t\t<\/div>\n\t\t\t\t<\/div>\n\t\t\t\t<div class=\"elementor-element elementor-element-f8c2f18 elementor-widget elementor-widget-text-editor\" data-id=\"f8c2f18\" data-element_type=\"widget\" data-e-type=\"widget\" data-widget_type=\"text-editor.default\">\n\t\t\t\t<div class=\"elementor-widget-container\">\n\t\t\t\t\t\t\t\t\t<p>Desde abril de 2023, naci\u00f3 Men&#8217;s Look con una visi\u00f3n clara en mente: brindar a los hombres la oportunidad de expresarse, sentirse c\u00f3modos y elevar su confianza a trav\u00e9s de una selecci\u00f3n excepcional de ropa interior. Nos enorgullece ser una empresa de vanguardia que se dedica exclusivamente a la venta de ropa interior para caballero. Men\u00b4s Look es el lugar favorito de los hombres que saben lo que quieren. \u00bfQu\u00e9 esperas para comprar con nosotros?<\/p>\t\t\t\t\t\t\t\t<\/div>\n\t\t\t\t<\/div>\n\t\t\t\t\t<\/div>\n\t\t\t\t<\/div>\n\t\t<div class=\"elementor-element elementor-element-e71ae65 e-flex e-con-boxed wpr-particle-no wpr-jarallax-no wpr-parallax-no wpr-sticky-section-no e-con e-parent\" data-id=\"e71ae65\" data-element_type=\"container\" data-e-type=\"container\">\n\t\t\t\t\t<div class=\"e-con-inner\">\n\t\t\t\t<div class=\"elementor-element elementor-element-f2833ef elementor-widget elementor-widget-spacer\" data-id=\"f2833ef\" data-element_type=\"widget\" data-e-type=\"widget\" data-widget_type=\"spacer.default\">\n\t\t\t\t<div class=\"elementor-widget-container\">\n\t\t\t\t\t\t\t<div class=\"elementor-spacer\">\n\t\t\t<div class=\"elementor-spacer-inner\"><\/div>\n\t\t<\/div>\n\t\t\t\t\t\t<\/div>\n\t\t\t\t<\/div>\n\t\t\t\t<div class=\"elementor-element elementor-element-2cc9d86 elementor-widget elementor-widget-heading\" data-id=\"2cc9d86\" data-element_type=\"widget\" data-e-type=\"widget\" data-widget_type=\"heading.default\">\n\t\t\t\t<div class=\"elementor-widget-container\">\n\t\t\t\t\t<h2 class=\"elementor-heading-title elementor-size-default\">Categor\u00edas<\/h2>\t\t\t\t<\/div>\n\t\t\t\t<\/div>\n\t\t\t\t\t<\/div>\n\t\t\t\t<\/div>\n\t\t<div class=\"elementor-element elementor-element-2af03e4 elementor-hidden-desktop elementor-hidden-tablet e-flex e-con-boxed wpr-particle-no wpr-jarallax-no wpr-parallax-no wpr-sticky-section-no e-con e-parent\" data-id=\"2af03e4\" data-element_type=\"container\" data-e-type=\"container\">\n\t\t\t\t\t<div class=\"e-con-inner\">\n\t\t\t\t<div class=\"elementor-element elementor-element-051c550 elementor-pagination-position-outside elementor--h-position-center elementor--v-position-middle elementor-widget elementor-widget-slides\" data-id=\"051c550\" data-element_type=\"widget\" data-e-type=\"widget\" data-settings=\"{&quot;navigation&quot;:&quot;dots&quot;,&quot;autoplay&quot;:&quot;yes&quot;,&quot;pause_on_hover&quot;:&quot;yes&quot;,&quot;pause_on_interaction&quot;:&quot;yes&quot;,&quot;autoplay_speed&quot;:5000,&quot;infinite&quot;:&quot;yes&quot;,&quot;transition&quot;:&quot;slide&quot;,&quot;transition_speed&quot;:500}\" data-widget_type=\"slides.default\">\n\t\t\t\t<div class=\"elementor-widget-container\">\n\t\t\t\t\t\t\t<div class=\"elementor-swiper\">\n\t\t\t<div class=\"elementor-slides-wrapper elementor-main-swiper swiper-container\" dir=\"ltr\" data-animation=\"fadeInUp\">\n\t\t\t\t<div class=\"swiper-wrapper elementor-slides\">\n\t\t\t\t\t\t\t\t\t\t<div class=\"elementor-repeater-item-544afa1 swiper-slide\"><div class=\"swiper-slide-bg\" role=\"img\"><\/div><div class=\"elementor-background-overlay\"><\/div><a class=\"swiper-slide-inner\" href=\"https:\/\/menslook.com.mx\/index.php\/categoria-producto\/ropa-interior\/\"><div class=\"swiper-slide-contents\"><div class=\"elementor-slide-heading\">Ropa Interior<\/div><\/div><\/a><\/div><div class=\"elementor-repeater-item-7faf705 swiper-slide\"><div class=\"swiper-slide-bg\" role=\"img\"><\/div><div class=\"elementor-background-overlay\"><\/div><a class=\"swiper-slide-inner\" href=\"https:\/\/menslook.com.mx\/index.php\/categoria-producto\/traje-de-bano\/\"><div class=\"swiper-slide-contents\"><div class=\"elementor-slide-heading\">Traje de ba\u00f1o<\/div><\/div><\/a><\/div><div class=\"elementor-repeater-item-2b1f7c0 swiper-slide\"><div class=\"swiper-slide-bg\" role=\"img\"><\/div><div class=\"elementor-background-overlay\"><\/div><div class=\"swiper-slide-inner\" ><div class=\"swiper-slide-contents\"><div class=\"elementor-slide-heading\">Complementos<\/div><\/div><\/div><\/div>\t\t\t\t<\/div>\n\t\t\t\t\t\t\t\t\t\t\t\t\t\t\t<div class=\"swiper-pagination\"><\/div>\n\t\t\t\t\t\t\t\t\t\t\t\t\t\t\t\t\t<\/div>\n\t\t<\/div>\n\t\t\t\t\t\t<\/div>\n\t\t\t\t<\/div>\n\t\t\t\t\t<\/div>\n\t\t\t\t<\/div>\n\t\t<div class=\"elementor-element elementor-element-c571d36 elementor-hidden-mobile e-flex e-con-boxed wpr-particle-no wpr-jarallax-no wpr-parallax-no wpr-sticky-section-no e-con e-parent\" data-id=\"c571d36\" data-element_type=\"container\" data-e-type=\"container\">\n\t\t\t\t\t<div class=\"e-con-inner\">\n\t\t<div class=\"elementor-element elementor-element-c237b70 e-con-full e-flex wpr-particle-no wpr-jarallax-no wpr-parallax-no wpr-sticky-section-no e-con e-child\" data-id=\"c237b70\" data-element_type=\"container\" data-e-type=\"container\" data-settings=\"{&quot;background_background&quot;:&quot;classic&quot;}\">\n\t\t\t\t<div class=\"elementor-element elementor-element-4c9322c elementor-widget elementor-widget-heading\" data-id=\"4c9322c\" data-element_type=\"widget\" data-e-type=\"widget\" data-widget_type=\"heading.default\">\n\t\t\t\t<div class=\"elementor-widget-container\">\n\t\t\t\t\t<h2 class=\"elementor-heading-title elementor-size-default\">ROPA INTERIOR<\/h2>\t\t\t\t<\/div>\n\t\t\t\t<\/div>\n\t\t\t\t<\/div>\n\t\t<div class=\"elementor-element elementor-element-d78579a e-con-full e-flex wpr-particle-no wpr-jarallax-no wpr-parallax-no wpr-sticky-section-no e-con e-child\" data-id=\"d78579a\" data-element_type=\"container\" data-e-type=\"container\" data-settings=\"{&quot;background_background&quot;:&quot;classic&quot;}\">\n\t\t\t\t<div class=\"elementor-element elementor-element-bbd159a elementor-widget elementor-widget-heading\" data-id=\"bbd159a\" data-element_type=\"widget\" data-e-type=\"widget\" data-widget_type=\"heading.default\">\n\t\t\t\t<div class=\"elementor-widget-container\">\n\t\t\t\t\t<h2 class=\"elementor-heading-title elementor-size-default\">TRAJE DE BA\u00d1O<\/h2>\t\t\t\t<\/div>\n\t\t\t\t<\/div>\n\t\t\t\t<\/div>\n\t\t<div class=\"elementor-element elementor-element-22479c6 e-con-full e-flex wpr-particle-no wpr-jarallax-no wpr-parallax-no wpr-sticky-section-no e-con e-child\" data-id=\"22479c6\" data-element_type=\"container\" data-e-type=\"container\" data-settings=\"{&quot;background_background&quot;:&quot;classic&quot;}\">\n\t\t\t\t<div class=\"elementor-element elementor-element-696b4d0 elementor-widget elementor-widget-heading\" data-id=\"696b4d0\" data-element_type=\"widget\" data-e-type=\"widget\" data-widget_type=\"heading.default\">\n\t\t\t\t<div class=\"elementor-widget-container\">\n\t\t\t\t\t<h2 class=\"elementor-heading-title elementor-size-default\">COMPLEMENTOS<\/h2>\t\t\t\t<\/div>\n\t\t\t\t<\/div>\n\t\t\t\t<\/div>\n\t\t\t\t\t<\/div>\n\t\t\t\t<\/div>\n\t\t<div class=\"elementor-element elementor-element-d679631 e-flex e-con-boxed wpr-particle-no wpr-jarallax-no wpr-parallax-no wpr-sticky-section-no e-con e-parent\" data-id=\"d679631\" data-element_type=\"container\" data-e-type=\"container\">\n\t\t\t\t\t<div class=\"e-con-inner\">\n\t\t\t\t<div class=\"elementor-element elementor-element-2241772 elementor-widget elementor-widget-spacer\" data-id=\"2241772\" data-element_type=\"widget\" data-e-type=\"widget\" data-widget_type=\"spacer.default\">\n\t\t\t\t<div class=\"elementor-widget-container\">\n\t\t\t\t\t\t\t<div class=\"elementor-spacer\">\n\t\t\t<div class=\"elementor-spacer-inner\"><\/div>\n\t\t<\/div>\n\t\t\t\t\t\t<\/div>\n\t\t\t\t<\/div>\n\t\t\t\t<div class=\"elementor-element elementor-element-a61186a elementor-widget elementor-widget-heading\" data-id=\"a61186a\" data-element_type=\"widget\" data-e-type=\"widget\" data-widget_type=\"heading.default\">\n\t\t\t\t<div class=\"elementor-widget-container\">\n\t\t\t\t\t<h2 class=\"elementor-heading-title elementor-size-default\">Productos destacados<\/h2>\t\t\t\t<\/div>\n\t\t\t\t<\/div>\n\t\t\t\t\t<\/div>\n\t\t\t\t<\/div>\n\t\t<div class=\"elementor-element elementor-element-21acc77 e-flex e-con-boxed wpr-particle-no wpr-jarallax-no wpr-parallax-no wpr-sticky-section-no e-con e-parent\" data-id=\"21acc77\" data-element_type=\"container\" data-e-type=\"container\">\n\t\t\t\t\t<div class=\"e-con-inner\">\n\t\t\t\t\t<\/div>\n\t\t\t\t<\/div>\n\t\t<div class=\"elementor-element elementor-element-49fc722 e-flex e-con-boxed wpr-particle-no wpr-jarallax-no wpr-parallax-no wpr-sticky-section-no e-con e-parent\" data-id=\"49fc722\" data-element_type=\"container\" data-e-type=\"container\">\n\t\t\t\t\t<div class=\"e-con-inner\">\n\t\t\t\t<div class=\"elementor-element elementor-element-08f688d elementor-widget elementor-widget-spacer\" data-id=\"08f688d\" data-element_type=\"widget\" data-e-type=\"widget\" data-widget_type=\"spacer.default\">\n\t\t\t\t<div class=\"elementor-widget-container\">\n\t\t\t\t\t\t\t<div class=\"elementor-spacer\">\n\t\t\t<div class=\"elementor-spacer-inner\"><\/div>\n\t\t<\/div>\n\t\t\t\t\t\t<\/div>\n\t\t\t\t<\/div>\n\t\t\t\t\t<\/div>\n\t\t\t\t<\/div>\n\t\t<div class=\"elementor-element elementor-element-7bfc366 e-con-full e-flex wpr-particle-no wpr-jarallax-no wpr-parallax-no wpr-sticky-section-no e-con e-parent\" data-id=\"7bfc366\" data-element_type=\"container\" data-e-type=\"container\" data-settings=\"{&quot;background_background&quot;:&quot;classic&quot;}\">\n\t\t\t\t<div class=\"elementor-element elementor-element-613037c elementor-widget elementor-widget-spacer\" data-id=\"613037c\" data-element_type=\"widget\" data-e-type=\"widget\" data-widget_type=\"spacer.default\">\n\t\t\t\t<div class=\"elementor-widget-container\">\n\t\t\t\t\t\t\t<div class=\"elementor-spacer\">\n\t\t\t<div class=\"elementor-spacer-inner\"><\/div>\n\t\t<\/div>\n\t\t\t\t\t\t<\/div>\n\t\t\t\t<\/div>\n\t\t\t\t<div class=\"elementor-element elementor-element-b4bd895 elementor-widget elementor-widget-heading\" data-id=\"b4bd895\" data-element_type=\"widget\" data-e-type=\"widget\" data-widget_type=\"heading.default\">\n\t\t\t\t<div class=\"elementor-widget-container\">\n\t\t\t\t\t<h2 class=\"elementor-heading-title elementor-size-default\">Conoce nuestros<\/h2>\t\t\t\t<\/div>\n\t\t\t\t<\/div>\n\t\t\t\t<div class=\"elementor-element elementor-element-a6ba2ce elementor-widget elementor-widget-heading\" data-id=\"a6ba2ce\" data-element_type=\"widget\" data-e-type=\"widget\" data-widget_type=\"heading.default\">\n\t\t\t\t<div class=\"elementor-widget-container\">\n\t\t\t\t\t<h2 class=\"elementor-heading-title elementor-size-default\">Briefs<\/h2>\t\t\t\t<\/div>\n\t\t\t\t<\/div>\n\t\t\t\t<div class=\"elementor-element elementor-element-18714b7 elementor-widget elementor-widget-text-editor\" data-id=\"18714b7\" data-element_type=\"widget\" data-e-type=\"widget\" data-widget_type=\"text-editor.default\">\n\t\t\t\t<div class=\"elementor-widget-container\">\n\t\t\t\t\t\t\t\t\t<p>Uno de nuestros productos insignia, viste de una forma cl\u00e1sica con un estilo moderno.<\/p>\t\t\t\t\t\t\t\t<\/div>\n\t\t\t\t<\/div>\n\t\t\t\t<div class=\"elementor-element elementor-element-40e07eb elementor-align-center elementor-widget elementor-widget-button\" data-id=\"40e07eb\" data-element_type=\"widget\" data-e-type=\"widget\" data-widget_type=\"button.default\">\n\t\t\t\t<div class=\"elementor-widget-container\">\n\t\t\t\t\t\t\t\t\t<div class=\"elementor-button-wrapper\">\n\t\t\t\t\t<a class=\"elementor-button elementor-button-link elementor-size-md\" href=\"https:\/\/menslook.com.mx\/index.php\/categoria-producto\/ropa-interior\/brief-trusa\/\">\n\t\t\t\t\t\t<span class=\"elementor-button-content-wrapper\">\n\t\t\t\t\t\t\t\t\t<span class=\"elementor-button-text\">Ver m\u00e1s<\/span>\n\t\t\t\t\t<\/span>\n\t\t\t\t\t<\/a>\n\t\t\t\t<\/div>\n\t\t\t\t\t\t\t\t<\/div>\n\t\t\t\t<\/div>\n\t\t\t\t<div class=\"elementor-element elementor-element-60f57e7 elementor-widget elementor-widget-spacer\" data-id=\"60f57e7\" data-element_type=\"widget\" data-e-type=\"widget\" data-widget_type=\"spacer.default\">\n\t\t\t\t<div class=\"elementor-widget-container\">\n\t\t\t\t\t\t\t<div class=\"elementor-spacer\">\n\t\t\t<div class=\"elementor-spacer-inner\"><\/div>\n\t\t<\/div>\n\t\t\t\t\t\t<\/div>\n\t\t\t\t<\/div>\n\t\t\t\t<\/div>\n\t\t<div class=\"elementor-element elementor-element-1ccf5c4 e-flex e-con-boxed wpr-particle-no wpr-jarallax-no wpr-parallax-no wpr-sticky-section-no e-con e-parent\" data-id=\"1ccf5c4\" data-element_type=\"container\" data-e-type=\"container\">\n\t\t\t\t\t<div class=\"e-con-inner\">\n\t\t\t\t<div class=\"elementor-element elementor-element-498b258 elementor-widget elementor-widget-spacer\" data-id=\"498b258\" data-element_type=\"widget\" data-e-type=\"widget\" data-widget_type=\"spacer.default\">\n\t\t\t\t<div class=\"elementor-widget-container\">\n\t\t\t\t\t\t\t<div class=\"elementor-spacer\">\n\t\t\t<div class=\"elementor-spacer-inner\"><\/div>\n\t\t<\/div>\n\t\t\t\t\t\t<\/div>\n\t\t\t\t<\/div>\n\t\t\t\t\t<\/div>\n\t\t\t\t<\/div>\n\t\t<div class=\"elementor-element elementor-element-ab1b502 e-flex e-con-boxed wpr-particle-no wpr-jarallax-no wpr-parallax-no wpr-sticky-section-no e-con e-parent\" data-id=\"ab1b502\" data-element_type=\"container\" data-e-type=\"container\">\n\t\t\t\t\t<div class=\"e-con-inner\">\n\t\t\t\t\t<\/div>\n\t\t\t\t<\/div>\n\t\t<div class=\"elementor-element elementor-element-f802e02 e-flex e-con-boxed wpr-particle-no wpr-jarallax-no wpr-parallax-no wpr-sticky-section-no e-con e-parent\" data-id=\"f802e02\" data-element_type=\"container\" data-e-type=\"container\">\n\t\t\t\t\t<div class=\"e-con-inner\">\n\t\t\t\t<div class=\"elementor-element elementor-element-8884969 elementor-widget elementor-widget-spacer\" data-id=\"8884969\" data-element_type=\"widget\" data-e-type=\"widget\" data-widget_type=\"spacer.default\">\n\t\t\t\t<div class=\"elementor-widget-container\">\n\t\t\t\t\t\t\t<div class=\"elementor-spacer\">\n\t\t\t<div class=\"elementor-spacer-inner\"><\/div>\n\t\t<\/div>\n\t\t\t\t\t\t<\/div>\n\t\t\t\t<\/div>\n\t\t\t\t<div class=\"elementor-element elementor-element-a9c1b58 elementor-widget elementor-widget-heading\" data-id=\"a9c1b58\" data-element_type=\"widget\" data-e-type=\"widget\" data-widget_type=\"heading.default\">\n\t\t\t\t<div class=\"elementor-widget-container\">\n\t\t\t\t\t<h2 class=\"elementor-heading-title elementor-size-default\">Preguntas Frecuentes (FAQ)<\/h2>\t\t\t\t<\/div>\n\t\t\t\t<\/div>\n\t\t<div class=\"elementor-element elementor-element-e3bac0f e-flex e-con-boxed wpr-particle-no wpr-jarallax-no wpr-parallax-no wpr-sticky-section-no e-con e-child\" data-id=\"e3bac0f\" data-element_type=\"container\" data-e-type=\"container\">\n\t\t\t\t\t<div class=\"e-con-inner\">\n\t\t\t\t<div class=\"elementor-element elementor-element-257b4a5 elementor-widget elementor-widget-text-editor\" data-id=\"257b4a5\" data-element_type=\"widget\" data-e-type=\"widget\" data-widget_type=\"text-editor.default\">\n\t\t\t\t<div class=\"elementor-widget-container\">\n\t\t\t\t\t\t\t\t\t<p>Esperamos que estas respuestas hayan aclarado tus dudas. Si necesitas m\u00e1s informaci\u00f3n o asistencia, no dudes en contactarnos a trav\u00e9s de la secci\u00f3n <strong>&#8220;Cont\u00e1ctanos&#8221;.<\/strong>. \u00a1Gracias por elegir Men&#8217;s Look!<\/p>\t\t\t\t\t\t\t\t<\/div>\n\t\t\t\t<\/div>\n\t\t\t\t\t<\/div>\n\t\t\t\t<\/div>\n\t\t\t\t<div class=\"elementor-element elementor-element-95d0d89 elementor-widget elementor-widget-spacer\" data-id=\"95d0d89\" data-element_type=\"widget\" data-e-type=\"widget\" data-widget_type=\"spacer.default\">\n\t\t\t\t<div class=\"elementor-widget-container\">\n\t\t\t\t\t\t\t<div class=\"elementor-spacer\">\n\t\t\t<div class=\"elementor-spacer-inner\"><\/div>\n\t\t<\/div>\n\t\t\t\t\t\t<\/div>\n\t\t\t\t<\/div>\n\t\t\t\t\t<\/div>\n\t\t\t\t<\/div>\n\t\t\t\t<\/div>\n\t\t","protected":false},"excerpt":{"rendered":"<p>Conoce Men&#8217;s Look Desde abril de 2023, naci\u00f3 Men&#8217;s Look con una visi\u00f3n clara en mente: brindar a los hombres la oportunidad de expresarse, sentirse c\u00f3modos y elevar su confianza a trav\u00e9s de una selecci\u00f3n excepcional de ropa interior. Nos enorgullece ser una empresa de vanguardia que se dedica exclusivamente a la venta de ropa interior para caballero. Men\u00b4s Look es el lugar favorito de los hombres que saben lo que quieren. \u00bfQu\u00e9 esperas para comprar con nosotros? Categor\u00edas Ropa InteriorTraje de ba\u00f1oComplementos ROPA INTERIOR TRAJE DE BA\u00d1O COMPLEMENTOS Productos destacados Brief Pump! Azul &#36;219.00 Seleccionar opcionesVer r\u00e1pido Brief Pump! Rojo &#36;219.00 Seleccionar opcionesVer r\u00e1pido Brief Pump! Azul Cielo &#36;219.00 Seleccionar opcionesVer r\u00e1pido Brief Pump! Blanco &#36;219.00 Seleccionar opcionesVer r\u00e1pido Brief Pump! Negro &#36;219.00 Seleccionar opcionesVer r\u00e1pido Brief Pump! Gris &#36;219.00 Seleccionar opcionesVer r\u00e1pido Brief Pump! Rosa &#36;219.00 Seleccionar opcionesVer r\u00e1pido Brief Pump! Verde &#36;219.00 Seleccionar opcionesVer r\u00e1pido Conoce nuestros Briefs Uno de nuestros productos insignia, viste de una forma cl\u00e1sica con un estilo moderno. Ver m\u00e1s Almohadilla Frontal Ropa Interior &#36;119.00 Seleccionar opcionesVer r\u00e1pido Anillos de Silicona &#36;60.00 Seleccionar opcionesVer r\u00e1pido Arnes Jockmail con Suspensorio Rosa &#36;299.00 Seleccionar opcionesVer r\u00e1pido Arnes Jockmail con Suspensorio Verde &#36;299.00 Seleccionar opcionesVer r\u00e1pido Arnes Pump! Azul Frontal &#36;239.00 A\u00f1adir al carritoVer r\u00e1pido Arnes Pump! Negro Frontal &#36;239.00 A\u00f1adir al carritoVer r\u00e1pido Arnes Pump! Rojo Cruzado &#36;239.00 A\u00f1adir al carritoVer r\u00e1pido Arnes Pump! Rojo Frontal &#36;239.00 A\u00f1adir al carritoVer r\u00e1pido Preguntas Frecuentes (FAQ) \u00bfCu\u00e1les son las opciones de pago disponibles? Aceptamos pagos con tarjeta de cr\u00e9dito\/d\u00e9bito (Visa, MasterCard, American Express), PayPal y transferencias bancarias. Tarjeta de vales participantes. \u00bfOfrecen env\u00edo internacional? S\u00ed, enviamos a nivel internacional. Los detalles de tarifas y plazos de entrega se proporcionar\u00e1n durante el proceso de compra. \u00bfCu\u00e1nto tiempo tardar\u00e1 en llegar mi pedido? Los tiempos de entrega var\u00edan seg\u00fan tu ubicaci\u00f3n para pedidos nacionales var\u00eda de 3 a 5 d\u00edas h\u00e1biles. \u00bfCu\u00e1l es su pol\u00edtica de cambios y devoluciones? Puedes revisar nuestra pol\u00edtica de cambios y devoluciones [aqu\u00ed](enlace a la pol\u00edtica de cambios y devoluciones). \u00bfC\u00f3mo puedo rastrear mi pedido? Una vez que tu pedido sea enviado, recibir\u00e1s un mensaje de What\u2019s App con un n\u00famero de gu\u00eda. Todos los paquetes son enviados a trav\u00e9s de la paqueter\u00eda de mayor conveniencia dependiendo de su lugar de residencia, (Estafeta, Redpack y\/o\u00a0 FedEx). \u00bfQu\u00e9 hago si mi producto llega con defecto de f\u00e1brica o es incorrecto? Si recibes un producto da\u00f1ado o incorrecto, por favor, cont\u00e1ctanos de inmediato a trav\u00e9s de la secci\u00f3n &#8220;Cont\u00e1ctanos&#8221;.Te proporcionaremos instrucciones para resolver el problema. \u00bfTienen una gu\u00eda de tallas? S\u00ed, proporcionamos una gu\u00eda de tallas en cada p\u00e1gina de producto para ayudarte a encontrar el tama\u00f1o adecuado. \u00bfPuedo hacer cambios en domicilio de entrega? Si por alguna raz\u00f3n necesitas hacer alg\u00fan cambio\u00a0de tu domicilio o c\u00f3digo postal y tu paquete ya est\u00e1 en tr\u00e1nsito, este\u00a0cambio tendr\u00e1 un costo\u00a0adicional recordando que la entrega del paquete tomar\u00e1 m\u00e1s de lo estipulado. Si tu paquete a\u00fan est\u00e1 siendo procesado contacta a nuestro equipo de Servicio al cliente para realizar el cambio correspondiente. \u00bfTienen ventas o promociones especiales? S\u00ed, ofrecemos ventas y promociones peri\u00f3dicas. Mantente informado visitando nuestra p\u00e1gina de inicio y suscribi\u00e9ndote a nuestro bolet\u00edn. \u00bfPuedo devolver un art\u00edculo de venta o promoci\u00f3n? Los art\u00edculos de venta o promoci\u00f3n est\u00e1n sujetos a nuestra pol\u00edtica de cambios y devoluciones, que se aplica de manera est\u00e1ndar. Esperamos que estas respuestas hayan aclarado tus dudas. Si necesitas m\u00e1s informaci\u00f3n o asistencia, no dudes en contactarnos a trav\u00e9s de la secci\u00f3n &#8220;Cont\u00e1ctanos&#8221;.. \u00a1Gracias por elegir Men&#8217;s Look!<\/p>\n","protected":false},"author":2,"featured_media":0,"parent":0,"menu_order":0,"comment_status":"closed","ping_status":"closed","template":"","meta":{"site-sidebar-layout":"no-sidebar","site-content-layout":"page-builder","ast-site-content-layout":"full-width-container","site-content-style":"unboxed","site-sidebar-style":"unboxed","ast-global-header-display":"","ast-banner-title-visibility":"","ast-main-header-display":"","ast-hfb-above-header-display":"","ast-hfb-below-header-display":"","ast-hfb-mobile-header-display":"","site-post-title":"disabled","ast-breadcrumbs-content":"","ast-featured-img":"disabled","footer-sml-layout":"","ast-disable-related-posts":"","theme-transparent-header-meta":"","adv-header-id-meta":"","stick-header-meta":"","header-above-stick-meta":"","header-main-stick-meta":"","header-below-stick-meta":"","astra-migrate-meta-layouts":"set","ast-page-background-enabled":"default","ast-page-background-meta":{"desktop":{"background-color":"var(--ast-global-color-4)","background-image":"","background-repeat":"repeat","background-position":"center center","background-size":"auto","background-attachment":"scroll","background-type":"","background-media":"","overlay-type":"","overlay-color":"","overlay-opacity":"","overlay-gradient":""},"tablet":{"background-color":"","background-image":"","background-repeat":"repeat","background-position":"center center","background-size":"auto","background-attachment":"scroll","background-type":"","background-media":"","overlay-type":"","overlay-color":"","overlay-opacity":"","overlay-gradient":""},"mobile":{"background-color":"","background-image":"","background-repeat":"repeat","background-position":"center center","background-size":"auto","background-attachment":"scroll","background-type":"","background-media":"","overlay-type":"","overlay-color":"","overlay-opacity":"","overlay-gradient":""}},"ast-content-background-meta":{"desktop":{"background-color":"var(--ast-global-color-5)","background-image":"","background-repeat":"repeat","background-position":"center center","background-size":"auto","background-attachment":"scroll","background-type":"","background-media":"","overlay-type":"","overlay-color":"","overlay-opacity":"","overlay-gradient":""},"tablet":{"background-color":"var(--ast-global-color-5)","background-image":"","background-repeat":"repeat","background-position":"center center","background-size":"auto","background-attachment":"scroll","background-type":"","background-media":"","overlay-type":"","overlay-color":"","overlay-opacity":"","overlay-gradient":""},"mobile":{"background-color":"var(--ast-global-color-5)","background-image":"","background-repeat":"repeat","background-position":"center center","background-size":"auto","background-attachment":"scroll","background-type":"","background-media":"","overlay-type":"","overlay-color":"","overlay-opacity":"","overlay-gradient":""}},"footnotes":""},"class_list":["post-14","page","type-page","status-publish","hentry"],"_links":{"self":[{"href":"https:\/\/menslook.com.mx\/index.php\/wp-json\/wp\/v2\/pages\/14","targetHints":{"allow":["GET"]}}],"collection":[{"href":"https:\/\/menslook.com.mx\/index.php\/wp-json\/wp\/v2\/pages"}],"about":[{"href":"https:\/\/menslook.com.mx\/index.php\/wp-json\/wp\/v2\/types\/page"}],"author":[{"embeddable":true,"href":"https:\/\/menslook.com.mx\/index.php\/wp-json\/wp\/v2\/users\/2"}],"replies":[{"embeddable":true,"href":"https:\/\/menslook.com.mx\/index.php\/wp-json\/wp\/v2\/comments?post=14"}],"version-history":[{"count":184,"href":"https:\/\/menslook.com.mx\/index.php\/wp-json\/wp\/v2\/pages\/14\/revisions"}],"predecessor-version":[{"id":6197,"href":"https:\/\/menslook.com.mx\/index.php\/wp-json\/wp\/v2\/pages\/14\/revisions\/6197"}],"wp:attachment":[{"href":"https:\/\/menslook.com.mx\/index.php\/wp-json\/wp\/v2\/media?parent=14"}],"curies":[{"name":"wp","href":"https:\/\/api.w.org\/{rel}","templated":true}]}}